 k = 54 - t. Let c(o) = o**2 + o. Determine c(k).
0
Let h = 17778 - 17756. Let f(j) = -j**2 + 17*j + 98. What is f(h)?
-12
Let k(l) = 15*l - 192. Let b be k(13). Let g(m) = 533 - b*m - 264 - 265. Calculate g(1).
1
Let q be (2/4*-1)/((-50)/3000). Suppose q = 21*l - 26*l. Let z(h) = h**3 + 5*h**2 - 5*h - 1. Give z(l).
-7
Let k be 6/33 - (-1956)/132. Suppose -k*q + 54 = -9*q. Let u(w) = -2*w + 13. Calculate u(q).
-5
Let j(a) = -a**3 - 10*a**2 - 10*a + 45. Let n = -14645 + 14637. What is j(n)?
-3
Let x be 8 - (6 + -617 - 5). Let k = 616 - x. Let v(a) = a**2 + 9*a + 5. Determine v(k).
-3
Let c be (-10)/12 - 55500/(-2664). Let d(z) = -z**2 + 17*z + 43. What is d(c)?
-17
Let h(a) = a**3 + 2*a + 3. Let c be ((-24)/16)/(1*(-1)/4). Suppose j + 2*f - c = 0, -j + 6*f = 3*f + 9. What is h(j)?
3
Suppose 4*j + 15 = 3*u, -j - 150 = -4*u - 143. Let d(i) = -38*i - 125. Calculate d(j).
-11
Let j(f) = f**2 - 9*f - 9. Suppose -11*o = 287 - 232. Calculate j(o).
61
Suppose 16 = p + 2*m, 10*p = 8*p + 3*m + 53. Suppose -20 = p*i - 17*i. Let u(a) = 2*a - a**3 + 1 - 2*a - 4*a**2. Determine u(i).
1
Let p(m) = 1529*m + 53523. Let w be p(-35). Let v(c) = -10*c**2 + 31*c - 9. Let o(d) = 3*d**2 - 10*d + 3. Let y(l) = 7*o(l) + 2*v(l). Calculate y(w).
3
Let y(r) = -r**3 + 8*r**2 + 9*r - 6. Let j be 3/(-15) - 1/(-5). Let x be 6/9 + j + (-50)/(-6). Calculate y(x).
-6
Let f(k) = 57*k + 13. Let n(l) = -29*l - 7. Let m(q) = 6*f(q) + 11*n(q). Suppose 4*h - 54 = a, -4*a + 82*h = 58*h + 328. What is m(a)?
47
Let k(t) = -3*t**2 + 2*t - 1. Let s be k(1). Let j(y) = y**3 + 16*y**2 + 25*y + 80. Let p be j(-14). Let f(q) = q**2 + q**3 + 3*q - 56 - 63 + p. What is f(s)?
-7
Let j(x) = 32*x**2 - 16*x**2 - 28*x**2 - 1 - 15*x**2. Let b(q) = q**3 - 49*q**2 + 50*q - 95. Let f be b(48). What is j(f)?
-28
Let l = 29 + -43. Let h(c) = -130*c + 5. Let t be h(l). Let x(b) = t - 1823 - b - 3*b. What is x(-4)?
18
Let k(v) be the first derivative of v**7/840 - v**6/30 - 7*v**5/60 - v**4/8 + v**3/3 + 71*v**2/2 + 8. Let u(f) be the third derivative of k(f). Determine u(13).
-16
Let c(i) = 0 - 91*i**2 + 87*i**2 + 0 - 3*i. Suppose 0 = -5*r - 5*y + 4 + 1, 0 = r + 2*y - 2. Suppose -2*s = 2*p - 2, r = 3*s - 0*s - 4*p + 18. Give c(s).
-10
Let s = 24 - 3. Suppose 4*g = o - 0*o - s, 2*o = -g - 3. Let c(i) be the third derivative of i**5/10 + i**3/6 - 7*i**2. What is c(o)?
7
Let v = -224 - -229. Suppose v*b = -6 - 9. Let k(j) = j**3 + j**2 - 2*j + 4. Give k(b).
-8
Let a(q) = q**2 - 18*q + 56. Let c be 12 + (12*(-1)/4 - -4). Determine a(c).
-9
Let s(r) be the first derivative of 3/2*r**2 - 1/2*r**4 - 3*r + 67 + 1/3*r**3. Determine s(2).
-9
Let v = 200 - 200. Let b be -6 + v/5 - -6. Let y(a) = -a + 8. What is y(b)?
8
Let p(x) = -x**2 + 2*x - 2. Let z be 3/15 - 34/(-5). Let i = 8 - z. Suppose c - i = 2. Determine p(c).
-5
Let o = -418 + 418. Suppose 134*f - 124*f = o. Let j(w) = 4*w**2 - 4 - w**3 - 5*w**2 + w**2 + w. Determine j(f).
-4
Let u(h) = h**3 + 10*h**2 - 9*h - 2. Suppose -x - 3 = -4*f, -39 = 3*x + 2*f + f. Let s be u(x). Let r = s + 20. Let m(d) = d - 1. Calculate m(r).
-5
Let p(m) = -26*m - 21. Let f(k) = -15*k - 10. Let n(x) = 7*f(x) - 4*p(x). Give n(18).
-4
Let x(s) = 4 + 6*s + 86*s**2 - 26*s**2 - 31*s**2 + 10*s - 30*s**2. Let b(u) = -u**2 + 9*u - 4. Let a be b(4). Determine x(a).
4
Let c(m) be the third derivative of -m**4/12 + 17*m**3/6 - 5*m**2. Let k = 14626 + -14618. Give c(k).
1
Let n(j) be the third derivative of j**6/120 + 2*j**5/15 - 17*j**4/24 + 29*j**3/6 - 3*j**2 - 766. What is n(-10)?
-1
Let d(j) = 15*j**3 - j - 1. Suppose 2*n = r + n - 173, 169 = r - 3*n. Let x = r - 176. Determine d(x).
-15
Suppose 13*v = -3*v + 112. Suppose -g + 3*g + 17 = -3*r, 0 = 3*r - 4*g - v. Let t(s) be the second derivative of -s**3/6 + s. Determine t(r).
3
Let g be 0 + (-7)/35 - (-91)/5. Let m(l) = l**2 - 8*l - 5. Let i be m(5). Let s = i + g. Let h(j) = 2*j**3 + j**2 - 2*j - 2. Calculate h(s).
-10
Let v(r) be the second derivative of -r**5/20 + r**4/2 + r**3 + 5*r**2 - r - 1. Suppose 2*g + g - 21 = 0. Determine v(g).
3
Let v(z) = -8*z. Let k(x) = -140*x + 2. Let d(y) = 2*k(y) - 36*v(y). What is d(-3)?
-20
Let z(p) = -17*p - 120. Let r = -6720 + 6712. Give z(r).
16
Let f = 167 - 181. Let n(s) = -7*s - 8. Let t(m) = 8*m + 9. Let y(v) = 7*n(v) + 6*t(v). Give y(f).
12
Let p = 4381 - 4375. Let a(n) = -4*n**2 + 27*n - 12. Determine a(p).
6
Let c = -94120 - -94116. Let p(m) = -m - m**2 + 0*m**2 - 2*m. What is p(c)?
-4
Let j(p) = p**2 + 34*p + 59. Let w be j(-2). Let u(x) = x**3 + 7*x**2 - 8*x + 7. Let a be u(-8). Let n(i) = -a*i - i + 0*i - 4 + i. What is n(w)?
31
Let i(b) = 2*b. Let t = -35 - -38. Suppose 249 = t*h - k, -h - 4*k + 78 + 5 = 0. Suppose 81*s - 6 = h*s. Calculate i(s).
-6
Let t(q) = 2*q**3 + 2*q**2 + 2*q. Let x(s) = 10*s**3 + 15*s**2 + 11*s + 1. Let z(g) = 6*t(g) - x(g). Calculate z(2).
5
Let u(g) = -170*g - 4 + 2 + 171*g + 3. Let c be (-4)/(-10)*(-15)/3. Let f(x) = -x**3 - 5*x**2 - x + 2. Let l be f(c). Give u(l).
-7
Let x = 17 - 14. Suppose m + 9 = -2*w, -m = 4*w + 4*m + 33. Let u be (-1)/(-3 + 6 + w)*x. Let b(p) = p**2 + p. Determine b(u).
6
Suppose -756 = -8*v - 564. Suppose v*x + 5*x - 145 = 0. Let b(q) = -2*q**2 + 12*q - 17. What is b(x)?
-7
Let o(m) be the second derivative of 2*m**3/3 - 124*m. Let f(a) = -5*a**2 - 220*a. Let x(r) = -6*f(r) - 330*o(r). Determine x(-1).
30
Let x(c) = -2 + 2 - 3 + 2 + c. Let u(l) = 6*l + 3. Let n(d) = -2*d - 8. Let f be n(-2). Let k(j) = f*x(j) + u(j). What is k(-7)?
-7
Let l(v) = 4*v. Let p be 75/(-10)*(-8)/12. Suppose -p*x - 25 = 3*j + 2*j, 0 = -4*j + 16. Let z be (-200)/72 + 2/x. What is l(z)?
-12
Let y be ((-1)/(-2) + 1)*80/60. Let x be y/(-7) - 11/((-385)/360). Let w = 11 - x. Let q(n) = n**2 + 1. Give q(w).
2
Let w(i) = 59*i**3 + 44*i + 3157*i**2 - 3130*i**2 - 191*i**3 + 68*i**3 + 65*i**3 - 143. Determine w(-25).
7
Let h be ((-6)/4)/((-3)/6). Let u be 195 + -203 - (-10 + -1). Let j be (1 - (h - -4)) + u. Let n(w) = -3*w - 1. Calculate n(j).
8
Let j(x) = 3*x**3 + 127*x**2 + 66*x + 961. Let c be j(-42). Let i(p) = -p**3 - 46*p**2 + 49*p + 95. What is i(c)?
1
Let s(r) = -r**3 - 17*r**2 - 62*r + 70. Let j be s(-10). Let q(a) = a**3 + 9*a**2 - 3*a + 61. Give q(j).
-9
Let f(l) = 6*l + 181. Suppose 95 = -5*n + 5*v, -5*n - 4*v - 50 = 117. Determine f(n).
19
Suppose -19*r = -14*r - 155. Let i(b) = -90*b + 57*b + r*b - 9. What is i(0)?
-9
Let o(r) be the second derivative of r**4/4 + 3*r**3/2 - r**2 - 166*r. Let z(s) = -4*s**2 - 11*s + 3. Let y(k) = 3*o(k) + 2*z(k). What is y(-5)?
0
Let l(d) be the third derivative of -d**8/20160 + d**6/144 + 13*d**5/12 + d**3/3 + 119*d**2. Let c(s) be the third derivative of l(s). Give c(4).
-11
Let b(n) = 3*n**3 + 2*n**2 - 2*n + 1. Suppose 13*v + 176 = 21*v. Let u = 23 - v. Determine b(u).
4
Let v(b) = b**2 - 10*b + 11. Suppose 0 = -5*i + 18*i + 2262. Let p = i - -183. Give v(p).
2
Suppose 15*v - 14 = 8*v. Let a(w) = -699*w**2 + 1389*w**v - 1 - 692*w**2 - w. Give a(-2).
-7
Let x(i) = -19 - 29*i + 73*i - 117*i + 76*i. Calculate x(4).
-7
Let w(p) = 7 + 2 + 2*p - 5. Suppose -7*i - 21 = 28. Let r be ((-120)/35)/8*i. What is w(r)?
10
Let u(m) = m**2 + 8*m + 3. Let c be 1*(-5)/((-10)/4). Let r(d) = 4*d**c - 5*d - 2*d**2 - 2*d**2 - d**2 + 7. Let j be r(-7). Calculate u(j).
-4
Let c(o) = o**3 - 4*o**3 + 2*o**3 - 4*o**2 + 5*o + 6. Suppose -l - 88 = 3*l - 4*j, -4*l - 120 = 4*j. Let b = -31 - l. Determine c(b).
6
Let v(p) = 106*p - 856. Let u be (-240)/(-2520) - (-498)/63. Calculate v(u).
-8
Let k(x) = 24*x - 1. Let g(b) = -122*b - 43. Let f(v) = -g(v) - 5*k(v). What is f(-18)?
12
Let q(w) = -5 + 13*w**2 - 2*w + 2*w + 21*w**2 - 36*w**2. Give q(0).
-5
Suppose 2*p - 6 = o, 4*o - 3 + 19 = 4*p. Let s(z) be the first derivative of -z**2 - 2*z - 2. Determine s(p).
-6
Let c = -7 - -4. Let l = 27 - 25. Let r(m) = 6*m - m**2 - m**2 - m - 9*m - l. Determine r(c).
-8
Let p(f) be the third derivative of f**6/120 + f**5/5 + f**4/3 + 5*f**3/2 - 2*f**2 - 2667*f. Give p(-12).
-81
Suppose -2*w = -f - 17, -3*w = -694*f + 690*f - 23. Let l(d) = 10*d + 5. Calculate l(w).
95
Let b(g) = 12*g + 32 - 4*g - 7*g - 5*g. Let x be b(9). Let z(m) = -m**3 - 5*m**2 - m + 2. Determine z(x).
-10
Let g(p) be the first derivative of -p**3/3 + 3*p**2 + 3*p + 1652. Let b = -23 - -29